{"id":29,"date":"2024-01-27T17:36:55","date_gmt":"2024-01-27T17:36:55","guid":{"rendered":"http:\/\/rforticom.wordpress.com\/?page_id=1"},"modified":"2024-01-27T17:36:55","modified_gmt":"2024-01-27T17:36:55","slug":"sobre","status":"publish","type":"page","link":"http:\/\/www.rforti.com.br\/?page_id=29","title":{"rendered":"Sobre"},"content":{"rendered":"\n<h2 class=\"wp-block-heading\">Sobre<\/h2>\n\n\n\n<p class=\"has-text-align-left\">Este \u00e9 um exemplo de p\u00e1gina. Diferentemente dos posts, que s\u00e3o exibidos na p\u00e1gina inicial de seu blog na ordem em que s\u00e3o publicados, as p\u00e1ginas s\u00e3o mais apropriadas a conte\u00fados atemporais que devem estar facilmente dispon\u00edveis, como as p\u00e1ginas Sobre ou Contato. Clique no link Editar para fazer altera\u00e7\u00f5es nesta p\u00e1gina ou <a title=\"Link direto para Adicionar nova p\u00e1gina ao seu painel\" href=\"https:\/\/wordpress.com\/page\/228637686\/new\/\">adicione uma nova p\u00e1gina<\/a>.<\/p>\n\n\n\n<p><\/p>\n\n\n\n<p><\/p>\n","protected":false},"excerpt":{"rendered":"<p>Sobre Este \u00e9 um exemplo de p\u00e1gina. Diferentemente dos posts, que s\u00e3o exibidos na p\u00e1gina inicial de seu blog na ordem em que s\u00e3o publicados, as p\u00e1ginas s\u00e3o mais apropriadas a conte\u00fados atemporais que devem estar facilmente dispon\u00edveis, como as p\u00e1ginas Sobre ou Contato. Clique no link Editar para fazer altera\u00e7\u00f5es nesta p\u00e1gina ou adicione [&hellip;]<\/p>\n","protected":false},"author":2,"featured_media":0,"parent":0,"menu_order":0,"comment_status":"closed","ping_status":"open","template":"","meta":{"footnotes":""},"class_list":["post-29","page","type-page","status-publish","hentry"],"_links":{"self":[{"href":"http:\/\/www.rforti.com.br\/index.php?rest_route=\/wp\/v2\/pages\/29","targetHints":{"allow":["GET"]}}],"collection":[{"href":"http:\/\/www.rforti.com.br\/index.php?rest_route=\/wp\/v2\/pages"}],"about":[{"href":"http:\/\/www.rforti.com.br\/index.php?rest_route=\/wp\/v2\/types\/page"}],"author":[{"embeddable":true,"href":"http:\/\/www.rforti.com.br\/index.php?rest_route=\/wp\/v2\/users\/2"}],"replies":[{"embeddable":true,"href":"http:\/\/www.rforti.com.br\/index.php?rest_route=%2Fwp%2Fv2%2Fcomments&post=29"}],"version-history":[{"count":0,"href":"http:\/\/www.rforti.com.br\/index.php?rest_route=\/wp\/v2\/pages\/29\/revisions"}],"wp:attachment":[{"href":"http:\/\/www.rforti.com.br\/index.php?rest_route=%2Fwp%2Fv2%2Fmedia&parent=29"}],"curies":[{"name":"wp","href":"https:\/\/api.w.org\/{rel}","templated":true}]}}